, 49117
List the prime factors of 16891289.
97, 174137
What are the prime factors of 618391278?
2, 3, 34355071
List the prime factors of 577587114.
2, 3, 13, 1069, 2309
What are the prime factors of 3334166839?
31, 1583, 67943
What are the prime factors of 544197074?
2, 4423, 61519
List the prime factors of 276360675.
3, 5, 3684809
What are the prime factors of 2865824316?
2, 3, 79606231
What are the prime factors of 331369825?
5, 43, 199, 1549
What are the prime factors of 20367161?
281, 72481
What are the prime factors of 285667899?
3, 11, 8656603
What are the prime factors of 2497392395?
5, 17, 19, 31, 83, 601
List the prime factors of 529990353.
3, 31, 349, 5443
What are the prime factors of 333497346?
2, 3, 7, 13, 610801
List the prime factors of 2933360243.
11, 71, 263, 14281
What are the prime factors of 33912992?
2, 293, 3617
List the prime factors of 727578545.
5, 37, 79, 49783
List the prime factors of 3190961083.
47, 67892789
List the prime factors of 3463988438.
2, 1731994219
What are the prime factors of 91979422?
2, 1153, 39887
What are the prime factors of 4962763?
13, 41, 9311
List the prime factors of 948256138.
2, 359, 1049, 1259
List the prime factors of 71421055.
5, 29, 31, 15889
List the prime factors of 60672144.
2, 3, 13, 97231
List the prime factors of 29960291.
31, 47, 20563
What are the prime factors of 126076639?
13, 23, 421661
What are the prime factors of 467338811?
269, 953, 1823
List the prime factors of 21443984.
2, 41, 97, 337
List the prime factors of 111671689.
53, 2107013
List the prime factors of 1182903186.
2, 3, 991, 198941
List the prime factors of 2361238205.
5, 17, 19, 653, 2239
What are the prime factors of 3104258860?
2, 5, 3623, 42841
What are the prime factors of 1277943866?
2, 103, 211, 29401
List the prime factors of 3321167208.
2, 3, 491, 281837
List the prime factors of 84174655.
5, 19, 191, 4639
What are the prime factors of 1522781?
13, 41, 2857
List the prime factors of 59796261.
3, 7, 949147
List the prime factors of 49203722.
2, 24601861
List the prime factors of 128519139.
3, 7, 6119959
What are the prime factors of 2837736940?
2, 5, 97, 1462751
List the prime factors of 1156053842.
2, 73, 7918177
List the prime factors of 22740319.
7, 3248617
What are the prime factors of 21765089?
19, 47, 24373
What are the prime factors of 327607269?
3, 11, 9927493
What are the prime factors of 109801624?
2, 13725203
List the prime factors of 758170074.
2, 3, 126361679
List the prime factors of 1944247329.
3, 331, 652651
List the prime factors of 321256750.
2, 5, 19, 47, 1439
List the prime factors of 739738039.
19, 101, 385481
What are the prime factors of 739527198?
2, 3, 521, 236573
List the prime factors of 335994621.
3, 233, 2063
List the prime factors of 716790846.
2, 3, 19, 6287639
List the prime factors of 1256648608.
2, 23, 1707403
What are the prime factors of 512027805?
3, 5, 127, 268781
List the prime factors of 5989608508.
2, 13, 89, 577, 2243
What are the prime factors of 664339769?
19, 41, 113, 7547
List the prime factors of 14477162.
2, 7, 53, 109, 179
List the prime factors of 454592732.
2, 11, 43, 240271
List the prime factors of 4156242.
2, 3, 692707
What are the prime factors of 7104537?
3, 11, 19, 1259
List the prime factors of 4198419599.
11, 109, 3501601
List the prime factors of 519564284.
2, 129891071
List the prime factors of 51013323.
3, 167, 33941
What are the prime factors of 699954978?
2, 3, 116659163
List the prime factors of 3012637094.
2, 1506318547
List the prime factors of 72295647.
3, 23, 1047763
What are the prime factors of 600475479?
3, 17, 29, 37, 10973
List the prime factors of 13281791.
457, 29063
What are the prime factors of 3990067085?
5, 11113, 71809
List the prime factors of 3403527585.
3, 5, 17, 383, 34849
List the prime factors of 1033798329.
3, 38288827
What are the prime factors of 99612068?
2, 179, 139123
List the prime factors of 203984216.
2, 31, 822517
List the prime factors of 1842401239.
7, 61, 859, 5023
List the prime factors of 4342384761.
3, 11, 13, 821, 12329
What are the prime factors of 220018909?
11, 37, 540587
What are the prime factors of 445689583?
547, 814789
What are the prime factors of 223217535?
3, 5, 67, 222107
What are the prime factors of 40551975?
3, 5, 60077
What are the prime factors of 133917271?
6229, 21499
List the prime factors of 222059781.
3, 24673309
List the prime factors of 252839110.
2, 5, 29, 661, 1319
What are the prime factors of 100862498?
2, 11, 23, 53, 3761
List the prime factors of 59263554.
2, 3, 7, 1411037
What are the prime factors of 189057392?
2, 11816087
List the prime factors of 30293722.
2, 15146861
What are the prime factors of 220504066?
2, 110252033
What are the prime factors of 279316230?
2, 3, 5, 9310541
What are the prime factors of 1888487437?
37, 193, 373, 709
List the prime factors of 71256317.
11, 6477847
What are the prime factors of 1271513698?
2, 7, 13, 43, 162473
What are the prime factors of 64598398?
2, 23, 47, 29879
What are the prime factors of 1124490734?
2, 562245367
What are the prime factors of 53949602?
2, 7, 17, 419, 541
What are the prime factors of 390264765?
3, 5, 11, 2365241
List the prime factors of 254472929.
191, 1332319
What are the prime factors of 1765847627?
19403, 91009
What are the prime factors of 865908255?
3, 5, 23, 509, 4931
List the prime factors of 29168004.
2, 3, 61, 39847
List the prime factors of 53562541.
53562541
What are the prime factors of 5082556095?
3, 5, 29, 109, 35731
List the prime factors of 92617219.
3821, 24239
List the prime factors of 1702076043.
3, 567358681
What are the prime factors of 55903330?
2, 5, 7, 653, 1223
What are the prime factors of 77198090?
2, 5, 7719809
What are the prime factors of 1261813046?
2, 13, 2341, 20731
List the prime factors of 2451894533.
11, 53, 4205651
List the prime factors of 34004505.
3, 5, 17, 133351
List the prime factors of 3849600275.
5, 17, 23, 199, 1979
List the prime factors of 16717357.
643, 25999
What are the prime factors of 95317218?
2, 3, 1993, 2657
What are the prime factors of 987568033?
987568033
What are the prime factors of 289514535?
3, 5, 19300969
List the prime factors of 40244716.
2, 2851, 3529
What are the prime factors of 2532146014?
2, 7411, 170837
What are the prime factors of 33820434?
2, 3, 1878913
List the prime factors of 767002730.
2, 5, 13, 29, 203449
List the prime factors of 32816345.
5, 6563269
List the prime factors of 2796488606.
2, 101, 13844003
What are the prime factors of 130044406?
2, 65022203
List the prime factors of 47949088.
2, 11, 179, 761
List the prime factors of 221308308.
2, 3, 13, 157627
What are the prime factors of 215109916?
2, 7, 97, 79201
List the prime factors of 70359403.
41, 103, 16661
List the prime factors of 128374368.
2, 3, 79, 16927
List the prime factors of 2417949929.
421, 5743349
List the prime factors of 82059211.
13, 53, 119099
List the prime factors of 5037859.
5037859
What are the prime factors of 44815745?
5, 13, 331, 2083
List the prime factors of 13151921.
13151921
List the prime factors of 3178619479.
7, 163, 173, 16103
What are the prime factors of 1762874553?
3, 11, 269, 198589
What are the prime factors of 347674291?
71, 4896821
List the prime factors of 50291609.
83, 521, 1163
What are the prime factors of 4880782845?
3, 5, 379, 95393
List the prime factors of 705539059.
705539059
List the prime factors of 117088681.
83, 1410707
List the prime factors of 98262711.
3, 673, 16223
List the prime factors of 270156982.
2, 29, 4657879
What are the prime factors of 175230396?
2, 3, 11, 442501
What are the prime factors of 272992493?
272992493
List the prime factors of 120677601.
3, 11, 83, 44059
What are the prime factors of 171338804?
2, 7, 13, 470711
What are the prime factors of 307447634?
2, 13, 11824909
List the prime factors of 139720421.
2081, 67141
List the prime factors of 15018839.
11, 23, 29, 89
What are the prime factors of 61124376?
2, 3, 2546849
List the prime factors of 101204513.
101204513
What are the prime factors of 66212554?
2, 33106277
List the prime factors of 63385730.
2, 5, 107, 59239
List the prime factors of 199630319.
7, 67, 6353
List the prime factors of 15277635.
3, 5, 23, 29, 509
List the prime factors 